
2
Suppose 0*l = 3*l - 15, 0 = n - l + 1. Suppose -1 = -c + n. What is the tens digit of -1 + 0 - c*-10?
4
Let w = 590 + -318. What is the units digit of (w/(-5))/(-4) - 14/(-35)?
4
Let o(v) = -v**2 + 2*v + 20. Let a be o(-8). What is the tens digit of (-351)/(-10) - (-6)/a?
3
Suppose -2*v = -10*v + 40. Suppose -v*y - 3*x + 29 = -173, -x = -4. What is the tens digit of y?
3
Let m(y) = 9 - 3*y + 5*y - 19 + 3*y. Suppose -5 = 5*i - 0, -32 = -3*p + 5*i. What is the units digit of m(p)?
5
Let k = 198 - 33. What is the units digit of k?
5
Suppose 4*o = 6*o. Suppose r - 3*r - 82 = o. Let u = -24 - r. What is the tens digit of u?
1
Let q = -58 + 102. Suppose -106 = -6*o + q. What is the units digit of o?
5
Let j = -376 - -366. Let c(u) = -3*u + 5 - u + 2. What is the units digit of c(j)?
7
Suppose -4*r + 0 + 20 = 0. Suppose -r*m + 5*s = 13 - 143, -43 = -2*m + 5*s. What is the units digit of m?
9
Suppose 0 = 4*j - f - 21, 5*j = f - 2*f + 15. Let y(l) = 2*l**3 - 5*l**2 + 2*l - 2. What is the units digit of y(j)?
4
Let f = 501 + -355. What is the tens digit of f?
4
Let s(d) be the first derivative of 2*d**3/3 + 3*d**2 - 20*d + 25. What is the units digit of s(-10)?
0
Let b(i) = -i**3 - 6*i**2 + 23*i + 57. What is the tens digit of b(-13)?
4
Let u(w) = w**3 + 36*w**2 + 43*w - 151. What is the thousands digit of u(-24)?
5
Let n = -73 + 80. Suppose 0 = -5*c + n*c - 106. What is the units digit of c?
3
Let v(i) = i**2 + 8*i + 7. Let z be v(-5). Let n = 25 + z. What is the tens digit of n?
1
Suppose -14*f = -113161 + 33207. What is the hundreds digit of f?
7
Suppose -4*l + 1 = -3. Suppose 0*v + 2*v - m = -l, -10 = 5*v - m. What is the tens digit of (1 - -21) + (-1 - v)?
2
Let z(m) = m - 3. Let k be z(3). Suppose k*s - 675 = -5*s. Suppose 0 = 5*d + 12 + 13, 5*q = 2*d + s. What is the units digit of q?
5
Let g = -41 - -44. Suppose 0*v - 264 = -g*v. What is the tens digit of v?
8
Suppose 0 = 2*z - 2080 - 70. What is the units digit of z?
5
Let f be 3*(-4)/6*-2. Suppose 0 = -f*w + 5*r - 22, r + 10 = w - 5*w. Let b(i) = -5*i + 1. What is the tens digit of b(w)?
1
Suppose 5*k + 5*r - 49 = -14, 5*r = 4*k + 8. Suppose 5*t + 16 = -4*n, -4*n - 4 = -5*t - 3*n. Suppose t*g = k*g - 96. What is the tens digit of g?
3
Suppose 0 = -0*i - 4*i + 16. Suppose 4*h - 146 = -5*v, v + i*h - 19 = 7. What is the tens digit of ((-72)/(-15))/(9/v)?
1
Suppose 14*c = 89199 - 24785. What is the tens digit of c?
0
Let i(a) = 24*a - 8. Let k be i(8). Let h be 1*-1*k/(-8). Suppose -5*y + h = -7. What is the units digit of y?
6
Suppose 19*v + 15*v - 111962 = 0. What is the tens digit of v?
9
Let i(s) = -462*s - 75. What is the tens digit of i(-1)?
8
Suppose 2046 = 35*t - 34*t + 5*h, 3*h + 6084 = 3*t. What is the tens digit of t?
3
Let p = 3 - -9. What is the units digit of ((-10)/(-6))/(p/504)?
0
Suppose -20 = -3*v + 5*m, -3*m = 2*v - 2*m + 4. Suppose -5*h - 75 + 0 = 4*c, -3*c - 3*h - 54 = v. What is the units digit of (c/(-4))/((-3)/(-12))?
5
Let t be 2*15/20*2. Suppose -t*n - 2*r - 2*r = -189, -r - 126 = -2*n. What is the units digit of n?
3
Let i be 244/30*-6*5. Let u = -167 - i. What is the tens digit of u?
7
Suppose -7*c + 0*c = -15099. What is the tens digit of c?
5
Let d = -51 + 56. What is the units digit of (-20)/(-8)*114/d?
7
Suppose -26*b = -27*b + 448. What is the tens digit of b?
4
Let m = -2 + 4. Suppose 2*x + 2*q - 306 = -2*x, -2 = -m*q. What is the units digit of x?
6
Suppose -5*f - 371 = -2*d, -2*d + 3*f + 60 = -317. Suppose -o + 101 = 4*s - 320, 2*s - 3*o - d = 0. What is the units digit of s?
4
Let x(t) = t**2 - t. Let m be x(1). Suppose 4*u - 9*u + 215 = m. Suppose -h + d + 12 = 0, u = 3*h - 0*h + 4*d. What is the units digit of h?
3
Let a = 17 + 19. Let p be -17 - (-2 + (-4)/(-1)). Let v = a + p. What is the units digit of v?
7
Suppose 2*q - 5*s - 177 = 0, -2*q + 359 = 2*q - 5*s. Suppose -3*u = -15, 5*u = -5*o + 2*o + q. What is the units digit of o?
2
Let b be (0 + 1)*(3 - 2)*103. Suppose -s + 3 = 0, 2*s + s = 4*n - b. What is the units digit of n?
8
Let v(o) be the first derivative of -2*o**2 + 5*o + 10. What is the units digit of v(-9)?
1
Let m = 24 + 12. Let r = m + -69. Let s = 61 + r. What is the tens digit of s?
2
Let z be (4/(-8))/(1/6). Let g be (-2 + 3)*-1*-13. What is the units digit of z/(-3)*-2 + g?
1
What is the units digit of (-3)/(4 - (-190)/(-46))?
3
Let s = -172 - -516. What is the tens digit of s?
4
Let h(f) = f**3 - 4*f**2 + f + 17. What is the units digit of h(11)?
5
Let m(y) = 24*y - 123. What is the tens digit of m(23)?
2
Let g = 5 + -4. Let w be g + 3 + -2 - -19. Let u = -4 + w. What is the tens digit of u?
1
Let v = -2 - -5. Suppose v*z + 1 - 166 = 0. What is the units digit of z?
5
Let j = -4 - -7. Suppose j*v = -13 + 73. What is the units digit of v?
0
Suppose -4*o - 2*l - 2*l = -124, 4*o + 5*l = 122. Let z = 163 - o. What is the hundreds digit of z?
1
Let b(p) be the third derivative of p**7/2520 + p**6/180 + p**5/12 - p**2. Let u(d) be the third derivative of b(d). What is the tens digit of u(8)?
2
Suppose 0 = -2*l - 6, 1593 = 10*b - 6*b + l. What is the tens digit of b?
9
Let r = -47 + 50. Suppose r*b = -5*k + 1198, k = 5*b + 338 - 104. What is the tens digit of k?
3
Suppose -2*i - 14 = n, 44 = -5*n - i - 17. Suppose -4 - 152 = -4*a. Let p = n + a. What is the units digit of p?
7
Suppose 2*v = -6*z + z + 34, -z - 4*v + 14 = 0. Let a(j) = -j - 14. Let r be a(-14). Suppose s + r*s = z. What is the units digit of s?
6
Suppose -3*w + 6 + 8 = d, -5*w + 2*d + 16 = 0. Suppose b + f = 35, 0 = -4*b + w*f + 31 + 85. Let j = -18 + b. What is the tens digit of j?
1
Let l(s) = 125*s**2 + 90*s + 413. What is the tens digit of l(-5)?
8
Let m = 18 + -16. What is the tens digit of (6 - 5)/(m/154)?
7
Let h(g) = 16*g**2 + 15*g - 41. What is the units digit of h(8)?
3
Suppose -3852 = -2*u - 10*u. Let t = u - 50. What is the hundreds digit of t?
2
Suppose -5*k - 3*n = -1537, 4*n - 2 + 6 = 0. What is the units digit of k?
8
Suppose g = 4*j + 27, -3*g + 5*j + 18 = -4*g. Suppose g*r + 9 = 44. Suppose 2*y = -r + 133. What is the units digit of y?
4
Let a(h) be the second derivative of 2*h**3 + h**2/2 - 4*h. Suppose 2*d + 2*d - 8 = 0. What is the tens digit of a(d)?
2
Suppose 25*k = 10*k + 2865. What is the units digit of k?
1
Let v be (5/10)/((-3)/12). Let h(j) = j**2 - 2. Let s be h(v). Suppose 35 = 3*z + g, 0 = -2*z + s*g + g + 38. What is the units digit of z?
3
Suppose 3*g = 2*f - 1066, f + 2*f - 1599 = -5*g. Suppose -671 = -7*q + f. What is the units digit of q?
2
Let q(c) = -c**3 + 4*c**2 - 7*c + 9. Let j be q(2). Let t = -3 - -6. Suppose 144 = j*u + t*u. What is the units digit of u?
4
Let u(d) = 3*d**3 + 5*d + 7. What is the tens digit of u(5)?
0
Let m = 11000 - 7259. What is the tens digit of m?
4
Suppose 52*d - 49*d = 3804. What is the thousands digit of d?
1
Suppose -38 = 2*c + 2*i, 3*c - 3*i + 2*i = -73. Let l = -20 - c. Suppose 0 = -4*d, 11 - 41 = -l*p + 2*d. What is the units digit of p?
0
Let h(w) = w**2 - 2. Suppose 1 + 23 = 4*p. Suppose -p = y - 12. What is the units digit of h(y)?
4
Let z(f) = -f**3 + 5*f**2 + 8*f - 4. Let m be z(8). Let g = 220 + m. What is the tens digit of g?
8
Let r be (-2)/6*(24 + -3). Let n be r/(14/(-4)) + 0. Suppose -31 - 5 = -n*j. What is the tens digit of j?
1
What is the tens digit of -5*3*(-597)/45?
9
Suppose 3*l - 2 = 2*l. Suppose -11 = -3*r - l. Suppose r - 47 = -4*k. What is the tens digit of k?
1
Suppose 2*y + 1 = -7. Let c be -4 - (y + 1 + -3). Suppose -2*z - 2*o + 16 = 0, -3*z + o = c*z - 10. What is the units digit of z?
3
Suppose c + 3*c - 8 = 0. Suppose 0 = 2*p, 5*x - p - 140 = -2*p. Suppose x - 4 = c*s. What is the tens digit of s?
1
Let l(w) = -w**3 + 29*w**2 - 75*w - 18. What is the units digit of l(18)?
6
Let g be (-9)/(-3)*(3 - -94). Suppose g = k + b - 3*b, -3*b = -k + 296. What is the tens digit of k?
8
Let y(w) be the second derivative of w**4/6 + w**3/2 + 7*w**2/2 + 33*w. What is the units digit of y(7)?
6
What is the tens digit of -19*(-81 - (-10 - -4)) + 1?
2
Suppose 0 = x - 11 - 79. Suppose 3*f + l = 127, -2*f + 2*l - 16 + x = 0. What is the tens digit of f?
4
Suppose 4*h - 10569 = -5*q, 6*h - 3*h + q - 7924 = 0. What is the tens digit of h?
4
Let a(t) = -3*t**2. Let b be a(-1). Let g be (b + 14)